y). Give b(3).
4
Let z(w) = 14 + 54 - 61 - w. Calculate z(-4).
11
Let j(m) = -5*m + 1. Suppose 0 = 5*s + 3*t - 14 - 8, 0 = s - 5*t - 10. Suppose s*v = 12 - 77. Let i = v + 12. What is j(i)?
6
Suppose 0 = t - 35 + 32. Let k(y) = -2*y**2 + 2 + 3*y**t - 4*y**3 + 5*y**2 + 3. Let p(x) = -3*x - 2. Let r be p(-2). What is k(r)?
-11
Suppose -3*f - 3 = -4*f. Let k(y) be the second derivative of -y**f + 0*y**2 + y**3 - y**2 + y - y**3. What is k(-2)?
10
Suppose 2*l = d + 8, -3*l + 2*d = 3*d - 7. Let o(f) = -1 + 11*f**3 + 6*f**l + 5*f**2 - 16*f**3. What is o(-5)?
-1
Let h(c) = -7*c**2 + 6*c - 1. Let n(b) = -5*b**2 + 5*b - 1. Let q(r) = -3*h(r) + 4*n(r). Give q(-5).
14
Let l(f) = 3*f**2 - f - 11. Let j(t) = -3*t**2 + 2*t + 12. Let g(s) = -5*j(s) - 4*l(s). Let h(o) = -o**2 + 2*o + 5. Let d(w) = -2*g(w) - 7*h(w). What is d(4)?
5
Let t = -522 - -516. Let s(q) = -3*q - 17. Calculate s(t).
1
Suppose 3*a - 6 = -0. Let f be (a + (-56)/16)*8/(-6). Let y(n) = -12*n - 2. Calculate y(f).
-26
Let a be ((-4)/(-45))/((-272)/24 - -12). Let k(u) be the third derivative of -4*u**2 - a*u**6 + 1/24*u**4 + 0*u**5 + 0 + 0*u + 0*u**3. Give k(-1).
15
Let v be 1/((-5)/(5*6)). Let f = 3 + v. Let y(u) = u**3 + 3*u**2 + 4*u + 1. Calculate y(f).
-11
Let h(b) = 5*b - 2. Let j(d) = 14*d - 7. Let i(m) = -11*h(m) + 4*j(m). Let x = -121 - -201. Let c = -74 + x. Calculate i(c).
0
Suppose d - 8 = -3*d. Let k(v) = 1. Let s(t) = 6*t - 6. Let x(y) = -3*k(y) - s(y). Calculate x(d).
-9
Let i(k) = k**3 + 3*k**2 + 5*k + 3. Let q be (-6)/14 - (-177)/21 - 0. Suppose -q*c = -9*c - 3. Calculate i(c).
-12
Suppose 5*d = 2*d + 210. Let h be 7*5/(d/(-12)). Let m(l) = l**3 - l + 2. Let t(f) = 4*f**3 - 7*f**2 - 11*f + 8. Let x(u) = 5*m(u) - t(u). Determine x(h).
2
Let l = -86 + 89. Let s(u) = 41 - u - 42 + 6*u**2 - 21*u**2 + l*u. Let v(q) = q**2 + 3*q + 1. Let p be v(-3). Determine s(p).
-14
Let g(r) be the first derivative of r**3/3 - 4*r**2 - 7*r - 44. Give g(9).
2
Let o(y) be the first derivative of -y**2 + 2/3*y**3 - y - 4. Give o(-2).
11
Let g(b) = 6*b**2 + b - 1. Let k(j) = j**2 - 2*j - 2. Suppose -2*p + c = -4*c + 7, -3*c + 1 = 2*p. Let f be k(p). Give g(f).
6
Let x(j) = -20*j**2 + 36*j**2 + 3*j - 2*j - 22*j**2. Suppose 4*r - 2*r = -2. What is x(r)?
-7
Suppose -8*w = 2*f - 7*w - 4, -5*w - 6 = -3*f. Let q(d) = 2*d - 1. Give q(f).
3
Let s(h) = h**3 - h**2 - 7*h + 2. Let g be s(2). Let l(z) = z**2 + 7*z - 11. Calculate l(g).
-3
Let a(k) = -k**2 + 3*k - 2. Let m = -190 + 195. Give a(m).
-12
Let y(v) = -v**3 + 5*v**2 - v - 5. Let l(w) = 4*w**3 - w**2 + w. Suppose -2*d = -7*d + 20, 5*d = 2*a + 6. Suppose j = a*j - 6. Let k be l(j). Give y(k).
7
Suppose 5*t - 4*v - 30 = 0, -5*v = 5*t - 2 + 17. Let p be (3 + (1 - 5))*(-2 + t). Let i(s) = -s + 24. What is i(p)?
24
Let h(j) be the third derivative of j**5/30 - 3*j**4/8 + 5*j**3/6 + j**2 + 15*j. Determine h(6).
23
Let p(n) = 2*n**3 + 4*n**2 + 4*n + 2. Let m be p(-2). Let k(u) = 2*u**2 - 7*u + 20. Let d(b) = 5*b**2 - 21*b + 53. Let r(v) = 3*d(v) - 8*k(v). Give r(m).
5
Suppose 30*b - 18*b = 60. Let c(i) = i**2 - 7*i + 16. Determine c(b).
6
Let p(x) be the first derivative of -1/3*x**3 - 6*x - 2*x**2 + 9. What is p(-4)?
-6
Let v(l) be the second derivative of l - 1/6*l**4 + 0 + 0*l**2 + 9/20*l**5 - 1/6*l**3. Let h = -57 + 56. What is v(h)?
-10
Let r(a) = a**3 + a**2 + 5*a - 5. Let t be r(2). Let k = t - 13. Let y(h) = -h**3 + 3*h**2 + 3*h. Give y(k).
-4
Let l be (2 - 2) + (0 - 16). Let y = l - -19. Suppose 3*m - 9 = 3*z, 4*z = y*m + 3*z - 7. Let q(g) = -2*g**3 + 3*g**2 - g. Determine q(m).
-6
Let s(q) be the first derivative of -q**3/3 + 4*q**2 - 6*q + 274. Determine s(9).
-15
Let v = -25 - -25. Suppose 0 = m + 4, 0 = 4*k - m - v*m - 24. Let u(p) = -4*p - 13. Let q(f) = f + 3. Let l(b) = -9*q(b) - 2*u(b). What is l(k)?
-6
Suppose -2*a + 4 = g, 11 + 1 = 3*g - 2*a. Let p(x) = -x**2 + 7*x - 9. Let s(c) = 2*c**2 - 14*c + 19. Let w(h) = g*s(h) + 9*p(h). Determine w(6).
1
Let k(u) = -5*u**2 + 2*u + 6. Let j(d) = -4*d**2 + 2*d + 6. Let m(f) = -4*j(f) + 3*k(f). Let t be m(4). Let a(z) = -z + 2*z + 0*z - 1 - t*z. Determine a(4).
-5
Let q(z) be the third derivative of -3*z**5/20 + 5*z**4/24 - 5*z**3/6 - z**2 - 60*z. What is q(2)?
-31
Let y(x) = -x**2 - x + 7. Let u(h) = -38 + 12*h - 20*h + 11*h. Let j be u(11). Calculate y(j).
-13
Suppose -5*o + 18*y = 13*y - 120, 0 = -2*o - 4*y + 42. Suppose 4*t - 109 = 43. Let v(d) = d - o + t - 2. Calculate v(0).
13
Suppose -21 = -5*d + 4. Let n(v) be the third derivative of 1/6*v**3 + 0 + 0*v - d*v**2 + 1/3*v**4. Determine n(1).
9
Let g(q) = -q**3 - 2*q**2 - 2*q + 2. Let f(j) = -j**3 - 6*j**2 - 3*j + 7. Let v be f(-6). Let u = -27 + v. Give g(u).
6
Let h(r) = -2 - 262*r + 0 + r**3 + 259*r + 0*r**3. Determine h(-2).
-4
Let x(a) = a**2 + 3*a. Let f(k) = 7 - 2 + 3*k**2 - 1 + 8*k - k**2. Let b be f(-4). Suppose b*h = -h - 20. Calculate x(h).
4
Let p(m) be the second derivative of -m**4/12 - 5*m**3/6 - m**2/2 + 17*m. Calculate p(-4).
3
Let q(s) = 15 + 45*s - 10*s**3 - 48*s + 9 - 22 - s**2. What is q(2)?
-88
Let p = 8 + -7. Let c(i) = -p - 6 + 2*i + 5 - 1. What is c(-3)?
-9
Let v(x) be the second derivative of x**3/3 + 6*x**2 + 25*x. Let o be v(-9). Let d(t) = -t - 7. Calculate d(o).
-1
Let f(z) = -z**3 - 5*z**2 + 3*z + 6. Let n be (2 + 2 + 1)*(-8 + 7). What is f(n)?
-9
Let l = 21 + -31. Let w = l - -16. Let d(a) = -a**2 + 7*a - 5. Let m be d(w). Let v(b) = -6*b**3 + b**2 - 2*b + 1. Determine v(m).
-6
Let v(x) = -12*x**2 - 2*x - 9. Let a(c) = 11*c**2 + 2*c + 7. Let l(j) = -5*a(j) - 4*v(j). Give l(1).
-8
Suppose 142*w - 38*w = -936. Let d(q) = q**2 + 9*q - 18. Determine d(w).
-18
Let m(a) be the second derivative of -a**3/6 + a**2/2 + 20*a - 1. Suppose 1 = 2*g + 4*y + 19, 17 = -g - 4*y. What is m(g)?
2
Let n(f) be the second derivative of f**5/20 - 5*f**4/12 - 7*f**3/6 + 8*f - 5. Calculate n(6).
-6
Let n(k) = 6*k**2 + 5*k + 5. Let r(q) = 10*q**2 + 7*q + 7. Let w(s) = -8*n(s) + 5*r(s). What is w(-5)?
70
Let q = 0 + -3. Let s be -1*q/9*-15. Let b(g) = 2*g - g - 2*g - 6 - 2*g. Determine b(s).
9
Let n(c) = -11*c + 24 - 10*c - 24 + 12*c - c**2. Calculate n(-9).
0
Let k(z) = -2*z + 5. Let b(a) = -7 - 9*a + 23 + 4*a. Let y(t) = -4*b(t) + 11*k(t). Determine y(-9).
9
Let u(x) = -x**2 - x. Let l be u(0). Let z be l - (2 + 1) - -4. Let q(j) = -2*j - 3 + 1 + j**2 + z - 1. Give q(-3).
13
Let r(n) = -n - 2. Suppose -5*f = -2 + 127. Let u = 29 + f. Suppose a = -3*a + u*q, -4*q = 5*a + 27. Determine r(a).
1
Let n(s) be the first derivative of -7*s**2/2 + 2*s + 28. What is n(-4)?
30
Let y(h) = 2*h**2 + 9*h + 5. Let b be y(-3). Let a(u) = 2*u**2 + 5*u + 1. Determine a(b).
13
Suppose 98 = -23*q + 167. Let h(m) = 7*m + 4. Determine h(q).
25
Suppose -7*f = 57 - 85. Let l(v) = -6 - 16*v**3 + 3*v**2 + v**2 + 15*v**3 + 4*v. What is l(f)?
10
Let a(n) be the first derivative of 5*n**2/2 - 6*n + 2. Let b be a(2). Let f(s) = -4*s + s**2 + 7 - s - 4. What is f(b)?
-1
Let p(y) = 2*y**3 - 2*y**2 - 2*y + 1. Let d = -7 + 8. Suppose -s = j - 2*s - d, -2*j = -4*s. Give p(j).
5
Suppose 6*r - 10*r - 20 = 0. Let f(s) = -7*s**3 - 3*s**2 + 2*s + 10. Let h(u) = -6*u**3 - 2*u**2 + u + 9. Let n(d) = r*f(d) + 6*h(d). What is n(3)?
-8
Let g be -6*4/2*1/2. Let c(r) = r - 1. Calculate c(g).
-7
Let t(b) = b**3 + 7*b**2 + 6*b - 4. Let w = -190 - -274. Suppose 4*u = w + 44. Let s be u/(-5) - 8/(-20). Determine t(s).
-4
Suppose -2*n + 5 + 31 = 0. Let i(p) = -7 - 12*p**2 + 3*p + n + 0*p**2 - 4*p + p**3. Give i(12).
-1
Let h be (-4)/6 - (-1)/(-3). Let y(a) = -21*a**3 + 3*a**2 - 2*a - 2. Let u(w) = 31*w**3 - 4*w**2 + 3*w + 3. Let j(k) = 5*u(k) + 7*y(k). Determine j(h).
-7
Let n(c) = -c**3 - c**2 + 2*c + 1. Let s(j) = -3*j**3 - 6*j**2 + 7*j + 2. Let d(z) = -2*n(z) + s(z). What is d(-4)?
-12
Let q(x) = -2*x**2 + x + 1. Let f = 23 - 19. Suppose -z + 5*h + 21 = 0, -2*h + 4*h + 4 = -f*z. Suppose 5*a + 2*w = 4 + z, -5*a - 10 = 5*w. Calculate q(a).
-14
Let g(q) = -2*q**2 - 3*q**2 + 6*q**2 + 7*q - 2*q**2. Suppose -12 = 4*x + 8. Let m(a) = a**2 + 3*a - 3. Let k be m(x). Calculate g(k).
0
Suppose -3*f - 34 = -5*r, -3*f + r + 11 = 5*r. Let z(p) = -p - 1. Let s be z(f). Let k(o) = 2*o + 1 - 2*o**2 + s*o**3 - o**3 - 2*o**2 + 0*o**2. Calculate k(3).
-2
Let t(d) = 0 + 2 - 6*d**2 - 3 + 7*d**2. Let s(q) = -